are the prime factors of 2/(10/1055) - 4?
3, 23
Let k(q) = -3*q**3 + 1. Let j(l) = l**3 - 5*l**2 + 4*l - 6. Let y be j(4). Let i be 18/(-6)*(-2)/y. What are the prime factors of k(i)?
2
Let a = 210 - 114. What are the prime factors of a?
2, 3
Let m(f) = -16*f. List the prime factors of m(-2).
2
Let f(l) = -2*l**3 + l**2 + l + 1. Let t be f(-1). Suppose 7*x + 20 = t*x. Let u = x - -15. List the prime factors of u.
2, 5
Let u(x) = x**3 - 3*x - 1. Let s be u(-2). Suppose -a + 5*q = -15, -q - 2*q = -5*a + 75. Let p = a + s. What are the prime factors of p?
2, 3
Let b be 0*(1 - 2) - -7. Suppose 5*h = -b*j + 2*j + 185, -j + 4*h = -17. List the prime factors of j.
3, 11
Let t(k) = 2*k**2 - 2. Let a be t(-3). Let u(c) = 2*c + 24. Let y be u(-10). Suppose -2*m = -2*f - a, -y*m + 5*f + 22 = -2*m. List the prime factors of m.
2, 3
Let j = 17 + -12. What are the prime factors of (j/(-10))/(2/(-24))?
2, 3
Let f(p) = -p - 7. Let t be f(-9). Suppose 4*h - t*v = -v + 80, -3*v + 45 = 3*h. What are the prime factors of h?
19
Suppose -4*d - u = u - 204, -u = d - 52. What are the prime factors of d?
2, 5
Suppose -5*p - 3*a = 9, 7*p - 2*p = -2*a - 11. Let x = -3 - p. Suppose -3*u - 3*l + 32 = -4*l, x = 3*u + 3*l - 36. List the prime factors of u.
11
Suppose -v + l = -21, -2*v + 7*l + 41 = 4*l. What are the prime factors of v?
2, 11
Let r = -6 + 8. Suppose -k = -0 + r. Let y = k - -6. List the prime factors of y.
2
Let h(c) = -6*c + 17. What are the prime factors of h(-7)?
59
Let z(m) be the second derivative of 0 + m - 7/2*m**2 + 2/3*m**3. List the prime factors of z(5).
13
Let f = -148 + 358. What are the prime factors of f?
2, 3, 5, 7
List the prime factors of 63/4 - (36/(-16) + 2).
2
Suppose -35 = -5*v + 5*n, -5*v - 4*n = -0*n - 26. Let k = -1 - v. Let l = k + 22. List the prime factors of l.
3, 5
Let t = 113 - 55. Let h = -40 + t. What are the prime factors of h?
2, 3
Suppose -4*d - 7 = -5*d. List the prime factors of d.
7
Let l(u) = 2*u**2 + 2*u - 15. Let v(j) = -j**2 - 4 - j + 3 + 1. Let m(z) = -l(z) - v(z). List the prime factors of m(0).
3, 5
Let k(m) = 250*m**3 + 5*m - 4. What are the prime factors of k(1)?
251
Let z(q) = -q**3 + 5*q**2 + 9*q - 9. Let m be z(6). Suppose -5*d + 34 = -4*k + m, -3*k = 5*d - 60. List the prime factors of d.
3
Suppose r + 5 + 10 = 0. Let l(t) = 5*t + 3. Let k be l(-5). Let z = r - k. What are the prime factors of z?
7
Suppose 2*g - 387 = -15. List the prime factors of g.
2, 3, 31
Let c(r) = -r**3 + 7*r**2 + 10*r + 10. Suppose h - 9 = -1. List the prime factors of c(h).
2, 13
Suppose 2*s - 158 = 4*j, -3*s - 3*j = -4*j - 252. What are the prime factors of s?
5, 17
Let w(g) = 2*g**2 - g - 1. Let x(v) = v - 1. Let f(q) = w(q) - 6*x(q). Let u(b) = -3*b + 20. Let z be u(5). What are the prime factors of f(z)?
2, 5
Let l = -402 + 681. List the prime factors of l.
3, 31
Suppose -2*a - 4*f = -2*f + 24, 4*a + f + 39 = 0. Let i = a - -12. List the prime factors of i.
3
Suppose -2*d + 5 = 3*d. What are the prime factors of (3 - (-14 - 2))*d?
19
Suppose 3*z - 67 = -3*t + 113, 5 = -z. List the prime factors of (-10)/2*t/(-25).
13
Suppose -26 = 5*p - 2*c, -2*c + 11 + 3 = -2*p. Let v(y) = -y**2 - 8 - 19*y + 13*y + 3. List the prime factors of v(p).
3
Suppose 0 = 3*p + 15, 0 = 5*m + 5*p + 5. What are the prime factors of m?
2
Let r = -1 - -8. List the prime factors of r.
7
Let v(w) = 16*w**2 + 10*w - 51. What are the prime factors of v(4)?
5, 7
Let i(s) = 4*s + 75. List the prime factors of i(34).
211
Let l = -22 - 4. Let x = -2 - l. What are the prime factors of x?
2, 3
Suppose 2*t + 217 = 3*t. What are the prime factors of t?
7, 31
Let u be (-1)/(-1) + 0 + 3. List the prime factors of (-50)/u*(-2 - 0).
5
Let x(r) = -r**2 + 2*r + 3. Let y be x(3). Suppose 3*h - 3 - 6 = y. Suppose 11 = 4*p + h. List the prime factors of p.
2
Let o(b) = 189*b**2 - 1. What are the prime factors of o(1)?
2, 47
Suppose 4*l = -3*s + s, -3*s - 22 = -5*l. Let f be l/(12/(-15))*-4. Suppose -x - x = -f. What are the prime factors of x?
5
Let l(t) = -t**3 + 5*t**2 - t + 7. Let i be l(5). List the prime factors of 2*(i + (-18)/(-4)).
13
Let v = 94 - 54. What are the prime factors of v?
2, 5
Let m(k) = 23*k + 6. Let w be m(-6). Let f be 4/(-6) - w/9. Suppose 3*j = 4*v + f, -2*v + 1 = -1. What are the prime factors of j?
2, 3
Suppose 0 = 2*w + 4*x - 20, 3*x + 0*x = 3*w - 21. Suppose 5*n - 36 = -4*p, -3*n - w = -5*n. Let v = p + 2. What are the prime factors of v?
2, 3
Suppose 0 = s - 9 + 7. Suppose 4*j - 44 = 4*h, -3 = -j + s*h + h. What are the prime factors of j?
3, 5
Let l(o) = o**3 + 4*o**2 - 4*o + 5. Let v be l(-5). Let u(m) = m + 5. Let x be u(v). Suppose 0*d = -x*d + 20. What are the prime factors of d?
2
Let f be 0*3/(-9) + -50. What are the prime factors of (f/15)/((-2)/6)?
2, 5
Let h = 6 + -12. Let z = h + 11. Let o = z + 17. What are the prime factors of o?
2, 11
Let w(a) = a**3 - a - 2. Let g be w(2). Suppose -k + g*u = 2*k - 50, 5*u - 25 = -5*k. List the prime factors of k.
2, 5
Let y(x) = 10*x - 3 - x**2 - 4 + 2. Let i be y(9). Suppose i*t - 31 = 17. List the prime factors of t.
2, 3
Suppose 0*c = -2*c. Suppose d + 4*n + 17 = c, 2*n + 0 = d - 13. Let x = d - -5. What are the prime factors of x?
2
Suppose 0 = -2*z + 5 + 1. List the prime factors of 1 + -1 + z - -5.
2
Let i(l) = l**2 + l - 1. Let b be i(2). Suppose -b*a + 3 = -2. Suppose -y + 10 + a = 0. What are the prime factors of y?
11
Let t be (-32)/(-5) + 3/5. Let m(w) = -w**3 + 8*w**2 - 9*w + 5. Let f be m(t). What are the prime factors of (-114)/f*(-6)/(-4)?
19
Let f = 7 - 18. Let m = 4 - f. Suppose -3*o + m = -2*g, 0*o + 21 = 3*o - 4*g. What are the prime factors of o?
3
Suppose -4*t = 4*s + 1312, t + 3*s = -552 + 220. Let o be t/(-22) + (-2)/(-11). What are the prime factors of 55/o - 2/(-6)?
2
Let t(b) be the first derivative of b**2/2 + 6*b - 3. List the prime factors of t(7).
13
Suppose -3*v = -2*n - 3, v - 5*v + n + 9 = 0. What are the prime factors of v?
3
Suppose -4*m = -j - 3*m + 65, -2*m - 199 = -3*j. List the prime factors of j.
3, 23
Let h(n) = n - 2. Let w be h(5). Suppose -w*z - 18 = 5*i - 0, -i = -3. What are the prime factors of z*1*(-3)/3?
11
Suppose 5*q - 4*q = -2*z + 5, 2*z - 20 = -4*q. Suppose 0 = -z*b + b + 11. Let r = -3 - b. List the prime factors of r.
2
Suppose 78 = -9*b + 10*b. List the prime factors of b.
2, 3, 13
What are the prime factors of (-2)/((-9)/((-1170)/(-4)))?
5, 13
Let w = -15 - -20. Suppose 197 = 4*c - 3*l, -4*c + 250 = c - w*l. List the prime factors of c.
47
Suppose -4*i - j = -35, -4*j + 52 = i + 4*i. List the prime factors of i.
2
List the prime factors of 60/(-8)*-3*48/27.
2, 5
Let j(p) = 5*p + 1. Let x be j(1). Let m = -1 + x. Suppose 3*r + m*w = 6*r - 22, 5*w = -5*r + 50. List the prime factors of r.
3
Let a(z) = -z**3 - 3*z**2 + 6*z - 1. Suppose -10 = 4*s - 5*g, 2*s - 7 = 5*s - 4*g. List the prime factors of a(s).
19
Let s = -9 - -7. What are the prime factors of (-3 - s)*-1 - -1?
2
Let y(l) = l**2 + 5*l - 4. Let a be -1 + -3 + 2*-1. Let k be y(a). Suppose -k = h - 2*x, x = -2*x + 15. List the prime factors of h.
2
What are the prime factors of (8/(-3))/(2/(-15))?
2, 5
Let n = 223 - 158. Suppose 4*d + d = -n. Let y = -6 - d. List the prime factors of y.
7
List the prime factors of 213 - -3*(-3 - -2).
2, 3, 5, 7
Let m(s) = -s**2 - 4*s + 3. Let b be m(-5). Let f be 3 - (b/2 - -4). Let j = 2 + f. What are the prime factors of j?
2
Let w(u) be the first derivative of u**4/24 - u**3/3 + 3*u**2/2 + 2. Let y(l) be the second derivative of w(l). List the prime factors of y(5).
3
Let r(y) = 7*y**2 - 16. List the prime factors of r(4).
2, 3
Let h = -4 + 5. What are the prime factors of (-1)/((-39)/36 + h)?
2, 3
Let u be (-1 + 1)/(-2 - -3). Let p be (u - -2) + -8 + 2. Let s = 3 - p. What are the prime factors of s?
7
Suppose 3*a = 7*a - 224. What are the prime factors of a?
2, 7
Let p = 0 - -1. Let t be ((6/15)/((-1)/55))/1. What are the prime factors of (p + 1)*t/(-4)?
11
Let z(g) = -g**2 + 17*g. What are the prime factors of z(9)?
2, 3
Suppose -5*y + 668 = 2*d, 4*d + 182 + 66 = 2*y. Suppose -20 = 4*x - y. What are the prime factors of x?
2, 7
Let w(s) = s**2 + 5. What are the prime factors of w(3)?
2, 7
Let n be 28/10 + 10/50. List the prime factors of -1*(0 +